igit of 564570807?
0
What is the tens digit of 38412345?
4
What is the ten millions digit of 76389009?
7
What is the thousands digit of 1473920870?
0
What is the ten thousands digit of 170625421?
2
What is the tens digit of 1237214654?
5
What is the ten millions digit of 276304926?
7
What is the ten thousands digit of 151284169?
8
What is the ten thousands digit of 156373429?
7
What is the units digit of 2316899597?
7
What is the hundreds digit of 105626876?
8
What is the units digit of 74198859?
9
What is the hundred millions digit of 195316838?
1
What is the hundreds digit of 1973936417?
4
What is the ten thousands digit of 1478477554?
7
What is the thousands digit of 1108799196?
9
What is the thousands digit of 667376444?
6
What is the millions digit of 7233050090?
3
What is the hundreds digit of 85239197?
1
What is the ten thousands digit of 352768713?
6
What is the hundred millions digit of 542769457?
5
What is the millions digit of 61563280?
1
What is the billions digit of 2531742159?
2
What is the units digit of 273294502?
2
What is the hundreds digit of 6881686047?
0
What is the tens digit of 1339040?
4
What is the tens digit of 113350890?
9
What is the ten thousands digit of 142900871?
0
What is the billions digit of 1119062081?
1
What is the hundred millions digit of 131144583?
1
What is the ten millions digit of 29030474?
2
What is the thousands digit of 1779189279?
9
What is the units digit of 1251305861?
1
What is the ten millions digit of 495485956?
9
What is the units digit of 208280253?
3
What is the hundred millions digit of 1214295765?
2
What is the thousands digit of 47523914?
3
What is the units digit of 183156836?
6
What is the ten thousands digit of 280026005?
2
What is the hundred millions digit of 799542547?
7
What is the hundred millions digit of 754929160?
7
What is the thousands digit of 1592271409?
1
What is the tens digit of 39435498?
9
What is the thousands digit of 1157633667?
3
What is the hundred thousands digit of 440064494?
0
What is the hundred thousands digit of 75700247?
7
What is the hundred thousands digit of 772258112?
2
What is the millions digit of 524599404?
4
What is the tens digit of 18599740?
4
What is the hundred millions digit of 136463847?
1
What is the units digit of 15884476?
6
What is the ten thousands digit of 373973702?
7
What is the hundreds digit of 97644686?
6
What is the thousands digit of 126729255?
9
What is the thousands digit of 96880049?
0
What is the hundred thousands digit of 1069407942?
4
What is the ten millions digit of 4735312554?
3
What is the hundred thousands digit of 204255456?
2
What is the units digit of 115317549?
9
What is the hundred thousands digit of 36857786?
8
What is the ten millions digit of 3376278439?
7
What is the tens digit of 340909345?
4
What is the ten thousands digit of 127056534?
5
What is the hundreds digit of 9277349?
3
What is the ten thousands digit of 120772796?
7
What is the tens digit of 549095639?
3
What is the tens digit of 291724755?
5
What is the tens digit of 188010935?
3
What is the thousands digit of 2066539059?
9
What is the millions digit of 169548554?
9
What is the hundred thousands digit of 36243663?
2
What is the thousands digit of 12904443?
4
What is the hundred millions digit of 533071365?
5
What is the tens digit of 352516307?
0
What is the ten thousands digit of 378900388?
0
What is the ten thousands digit of 2057975722?
7
What is the hundred thousands digit of 165370175?
3
What is the millions digit of 9651959?
9
What is the hundred thousands digit of 14952046?
9
What is the millions digit of 867775656?
7
What is the tens digit of 46290589?
8
What is the units digit of 1188612408?
8
What is the millions digit of 1328923821?
8
What is the hundreds digit of 249210302?
3
What is the ten thousands digit of 526972092?
7
What is the thousands digit of 3339059239?
9
What is the ten thousands digit of 2203414405?
1
What is the ten thousands digit of 5849873?
4
What is the hundred thousands digit of 80141344?
1
What is the hundreds digit of 225664433?
4
What is the ten millions digit of 5528956275?
2
What is the hundred thousands digit of 6047014286?
0
What is the units digit of 820795375?
5
What is the thousands digit of 68868019?
8
What is the thousands digit of 72543802?
3
What is the billions digit of 1201068161?
1
What is the tens digit of 22886680?
8
What is the hundred thousands digit of 1069213971?
2
What is the thousands digit of 4618764?
8
What is the ten thousands digit of 1046938376?
3
What is the millions digit of 162796256?
2
What is the hundred thousands digit of 104936372?
9
What is the hundreds digit of 13439332?
3
What is the millions digit of 469893629?
9
What is the millions digit of 15690923?
5
What is the hundred thousands digit of 11081005?
0
What is the hundred thousands digit of 68689258?
6
What is the ten millions digit of 2199707810?
9
What is the hundred millions digit of 138639348?
1
What is the hundreds digit of 121101143?
1
What is the units digit of 22183774?
4
What is the hundreds digit of 46997167?
1
What is the millions digit of 32834064?
2
What is the ten millions digit of 775432779?
7
What is the units digit of 84950166?
6
What is the tens digit of 250954237?
3
What is the ten thousands digit of 899134833?
3
What is the thousands digit of 66870531?
0
What is the thousands digit of 51561203?
1
What is the units digit of 416275314?
4
What is the ten millions digit of 206395109?
0
What is the hundred thousands digit of 46156333?
1
What is the ten millions digit of 45163514?
4
What is the tens digit of 944819998?
9
What is the hundred millions digit of 2049477858?
0
What is the tens digit of 283347436?
3
What is the thousands digit of 90189900?
9
What is the hundreds digit of 5050631?
6
What is the millions digit of 25498437?
5
What is the hundred thousands digit of 52267684?
2
What is the thousands digit of 17756269?
6
What is the ten millions digit of 400894858?
0
What is the units digit of 4324367974?
4
What is the hundred thousands digit of 156159650?
1
What is the hundreds digit of 3930424025?
0
What is the ten millions digit of 552009572?
5
What is the ten millions digit of 54917697?
5
What is the ten millions digit of 10288068?
1
What is the thousands digit of 202037327?
7
What is the ten thousands digit of 38755301?
5
What is the hundred millions digit of 193802859?
1
What is the hundred thousands digit of 2234321577?
3
What is the millions digit of 6140773415?
0
What is the millions digit of 4901742?
4
What is the hundreds digit of 81900777?
7
What is the thousands digit of 917368142?
8
What is the hundred thousands digit of 1409462942?
4
What is the tens digit of 15164724?
2
What is the hundreds digit of 478344502?
5
What is the hundreds digit of 675571860?
8
What is the tens digit of 253005224?
2
What is the ten thousands digit of 2185719798?
1
What is the thousands digit of 382708874?
8
What is the tens digit of 314036127?
2
What is the units digit of 31543212?
2
What is the billions digit of 1616104998?
1
What is the hundreds digit of 1029169666?
6
What is the thousands digit of 42662726?
2
What is the thousands digit of 1360412490?
2
What is the hundred thousands digit of 141250920?
2
What is the hundreds digit of 689218551?
5
What is the units digit of 779239349?
9
What is the tens digit of 18711055?
5
What is the ten thousands digit of 9690994?
9
What is the hundreds digit of 593120342?
3
What is the thousands digit of 23982291?
2
What is the millions digit of 1260317786?
0
What is the ten millions digit of 544724143?
4
What is the hundred thousands digit of 237852759?
8
What is the tens digit of 705710893?
9
What is the tens digit of 25038045?
4
What is the thousands digit of 18820888?
0
What is the ten thousands digit of 65892880?
9
What is the hundred thousands digit of 1613703903?
7
What is the tens digit of 196541233?
3
What is the ten millions digit of 34574270?
3
What is the ten millions digit of 296727893?
9
What is the hundreds digit of 354159084?
0
What is the tens digit of 712096930?
3
What is the millions digit of 96177345?
6
What is the millions digit of 10238181?
0
What is the hundred millions digit of 173511842?
1
What is the ten thousands digit of 110435354?
3
What is